 (-31 + -9))
-3
Evaluate -5 + 2 - 5 - (5 + -21 + 17).
-9
(-117 + 72 - -41) + (-2 - 0)
-6
Evaluate (-218 - -193) + 7 + -1.
-19
What is -6 - 2 - (248 + -248)?
-8
Evaluate -2 - (10 - (-6 + 11)).
-7
Evaluate -9 - (-6 + -6) - 3 - (-14 - -2).
12
-7 + 0 + 4 - (25 + -20 + -5)
-3
Evaluate -21 - (-48 - (16 + -19)).
24
What is the value of (7 - (-1 + 2)) + -24 + 23 + -7?
-2
Evaluate -8 - (-23 + 29 + -17).
3
Evaluate (2 + -5 - -7) + 19 + -1.
22
10 + 0 + (96 - 100) - (0 - 5)
11
Evaluate 4 + 9 + -11 + (-1 - -4) + 10.
15
Calculate -8 + 1 + (-9 - 7) + 9.
-14
5 + (18 - 15) + (-2 - -9)
15
Calculate (-4 - -4) + 5 + 3.
8
What is the value of (17 - 17) + 3 + (1 - 12) - 2?
-10
Calculate -21 - (14 + 9 - 25).
-19
What is 17 - 3 - (72 - (17 - -15))?
-26
821 - 803 - (5 + 1 + -1)
13
Calculate 1 + 1 + 13 + -26 + 6.
-5
What is -3 - (-2 + -11 + 22)?
-12
Evaluate (-7 - 3 - -8 - -2) + 1 + 2.
3
What is (-13 - -13) + -11 + 6?
-5
What is 18 - (-12 - (4 - -2 - 17))?
19
What is -4 + 4 + -7 + 6 + -18?
-19
What is 4 + 10 + -12 + 11?
13
(1 - (3 - (16 - 8))) + -20
-14
(-4 - -3) + -2 + 10 + (4 - 5)
6
What is the value of 0 - (7 + 2 + -7 - (-12 + 4))?
-10
What is the value of (0 - -2) + -1 + (22 - (13 + 24))?
-14
5 + 7 + -15 - 3 - (-34 + 55)
-27
Calculate (-2 - (-7 - -33 - 0)) + 3 + -4.
-29
Evaluate 1 + 2 - 1 - (-11 - (-5 + -6)).
2
What is the value of -7 - -1 - (1 + (-6 - (7 - 4)))?
2
What is the value of -9 + -2 + 3 + -7?
-15
Evaluate (16 - (7 + 7) - -15) + -8.
9
-2 - (-15 + 11 - (-12 - -2 - -4))
-4
What is (17 - (-11 + 13)) + (-1 - 4)?
10
What is the value of 3 - (3 - 7 - 2)?
9
-15 + 2 + (2 - (-10 - -6)) + -8
-15
Evaluate (18 - (8 - -8)) + (-14 - -1).
-11
What is (10 - ((14 - 2) + -24 + 17)) + 7?
12
Calculate -4 - (-19 - -28 - (5 - -1)).
-7
-1 + 6 + -4 + 62 + -51
12
What is the value of -43 + (31 - 32) + 81?
37
Calculate 0 + (-5 - (-5 - (3 - (-3 + 7)))).
-1
Calculate 17 + (17 - 22 - 7).
5
Calculate (32 - 23 - 25) + 25.
9
What is the value of -6 - ((-15 - -13) + -2 + 6)?
-8
Calculate -3 - (3 + -23 + 9) - 22.
-14
What is the value of -10 - ((32 - 8) + -62)?
28
What is the value of 10 + (94 - 37) - 45?
22
12 - (14 + 1 + 2) - 7
-12
-4 + 3 + -16 - (6 - 11)
-12
What is (-3 - (-5 + 6)) + 13 - 6 - -3?
6
What is 2 + -9 + (-37 + 28 - -26)?
10
Evaluate -16 + (-20 - -19) + 6.
-11
5 - (8 + (-3 - 7) - 4)
11
What is -12 + (-54 - -57) + (0 - -4) + 9?
4
Evaluate 2 + (5 - -1 - (35 + (-27 - 13))).
13
What is 3 - (-2 + ((9 - 6) + -6 - -9))?
-1
Evaluate 25 + -7 + -5 - -22 - 13.
22
What is (-3 - -6) + 1 + -17 + 7?
-6
What is the value of -12 + -10 + 25 - (-8 + 4 - -4)?
3
Calculate (1 + 7 - 9 - -5) + 7.
11
What is the value of -17 - (27 - 42) - 7?
-9
Evaluate (-5 - -1) + 27 + (-36 - -7).
-6
What is (-13 - -11) + (-4 - (-1 + -1))?
-4
What is the value of (12 - -12) + -7 + -13?
4
Evaluate 170 - 171 - (5 - (2 - 2)).
-6
What is the value of 27 + -19 + (9 - (-3 + 20 + 3))?
-3
What is the value of -15 + -13 - (5 + -47)?
14
What is 2 + 3 + -5 + 18 + (-18 - -7)?
7
What is 460 + -459 - (8 + 0)?
-7
What is the value of -38 + 33 + (-7 - -1)?
-11
Calculate 0 + -8 - (86 + -64 - 32).
2
What is the value of -8 - (1 - (3 - 16 - (41 + -44)))?
-19
Evaluate 22 + (-10 - -33 - 49).
-4
-29 + 15 + 21 + (0 - (0 - 6))
13
24 - 8 - 22 - (-2 + (-1 - 31))
28
What is (-3 - -27 - (-3 + 3)) + -8?
16
Calculate -1 + 20 + 1 + -6 + 43 + -43.
14
Calculate -1 - -15 - 4 - -6.
16
What is -3 + (101 - 108) + -1 + 12?
1
What is 6 + (-3 - 17) + (20 - -7)?
13
What is 0 - 2 - ((0 - 10) + 308 + -330)?
30
What is -5 + (6 + 3 + -1 - (-2 - 1))?
6
Evaluate (-40 - -68) + (12 - 10) + -4.
26
What is the value of (0 - -6 - (12 + -1)) + 4?
-1
-89 + 80 + (0 - 8 - 6)
-23
What is the value of (-3 - -21) + 88 + -97?
9
Calculate (-1 - -10) + (24 - (38 - (-8 - -28))).
15
10 - 18 - -6 - -22 - 8
12
11 - (9 - (7 + 3)) - -7
19
Evaluate 34 + (-29 - 12) - (5 - 0).
-12
Evaluate -21 - -1 - (19 - 23).
-16
Evaluate 14 - ((1 + 1 - -1) + -8 + 4).
15
-3 + 9 - (1 - (-1 - (6 - 3)))
1
What is -3 + -8 - ((-1 - 16) + 23)?
-17
What is the value of (-3 + (6 - 0) - 5) + -4 - -16?
10
What is 12 + (2 + (-2 - 9) - -2) - 6?
-1
0 - 1 - (-4 - 4) - (5 + 0)
2
What is the value of 34 + 3 + -262 + 248?
23
What is 53 - 68 - (-2 + -47)?
34
Calculate (8 + -1 - 1) + 4 + -1 - -1.
10
What is the value of 5 + 3 - ((-6 - -1) + 2 + 13)?
-2
What is the value of -49 + 65 + (-9 - -3)?
10
What is the value of 8 + (4 - (-6 - -11)) + -2 + -2?
3
What is 7 + (6 + -12 - -10) + -7?
4
Evaluate 7 + 0 - (4 + (-4 - 0) - -13).
-6
240 - 248 - (-7 - (-1 - -2))
0
What is (-35 - 11) + 42 - (-1 + -1 + -22)?
20
Evaluate 31 + -18 + -12 - 6.
-5
-19 + 26 + (-8 - -1) + -4
-4
Calculate -40 - (-7 - (-1 - -21) - -9).
-22
Evaluate (-3 - -5) + 3 - (-15 + 18).
2
What is the value of 12 - 31 - (74 - 64)?
-29
Evaluate 20 - (-15 - (0 - 28)).
7
Calculate 14 - (-13 - (-41 + 14)) - -17.
17
What is the value of -1 + (-8 - -1) - (-19 + (13 - 0))?
-2
What is the value of -1 + -1 + 3 + 16 + -22?
-5
(10 - 8) + 5 + -3 + -19 + 0
-15
Calculate 1 + -10 + 1 - (-3 + -10).
5
0 + (-22 - -12) + (4 + -4 - 6)
-16
Calculate -51 - -8 - -24 - -26.
7
-4 - (-41 + (-2 - 8) + 17 + -2)
32
7 + -4 + -28 + 20
-5
What is the value of -23 - 0 - (22 - (31 - -4))?
-10
What is the value of (-8 - (-1 - 11)) + (-13 - (4 + -2))?
-11
Calculate 11 + (40 - 14 - 19).
18
Evaluate (-3 - (8 - 4)) + -30 + 32.
-5
Calculate 1 - 6 - (60 + -12 - 43).
-10
(20 - 7) + -11 + (-5 - -5)
2
Evaluate 27 + (3 + -2 + -8 - 2).
18
Evaluate (50 - 59) + 31 + -3 - -1.
20
Evaluate (-7 - -5) + 1 + 8 + -5 + -9.
-7
What is 28 + -2 + (256 - 290)?
-8
What is the value of (13 - 0) + 36 + -14 + -32?
3
Calculate (49 + -44 - (0 - 7)) + 14.
26
Calculate 17 - (-2 + (19 - 3) + -8).
11
(-1 - 3) + (-17 - -13) - -20
12
Calculate 12 + (-23 - (-2 - 9)).
0
20 + (-1 - 38) + -1
-20
Evaluate 5 + (-25 + 9 + 8 - -9) + 4.
10
What is the value of 16 - (-4 - (-10 + -12 - -14))?
12
19 - (14 - -4) - (3 + (0 - 3))
1
What is -3 - -16 - (8 - -5) - (-2 - 7)?
9
Evaluate 5 - (-1 + 2) - 12 - (-8 + 6).
-6
26 + -3 + -23 - (-3 - -4 - 8)
7
Evaluate -11 - (-15 + 21) - -8.
-9
What is (-9 + (12 - 4) - 1) + -10?
-12
What is the value of 2 - ((-1 - -11) + -12)?
4
(-35 - -40) + (-4 + -4 - -23)
20
What is the value of 8 + (-3 - -4) + -1 + -21?
-13
What is (2 - (1 + 3 - 4)) + -5?
-3
What is the value of 3 - (17 + -26 + 19)?
-7
Calculate (-12 - (1 + 3 + -2)) + -1 + 6.
-9
Calculate 472 + -503 - (0 + -15).
-16
Calculate -7 - (5 + (2 + (3 - 7) - -2)).
-12
What is the value of (-1 - 7) + (-41 - -46)?
-3
What is (-37 - -34) + -9 - (-4 + 0)?
-8
What is the value of (-10 - (-5 + -1)) + (3 - 7) + 21?
13
Evaluate -5 + 1 + -1 - -1 - (-5 - 7).
8
What is the value of 26 + -25 + 5 + 7 + (2 - -1)?
16
What is the value of -11 + -28 + 15 + (2 - 11) + 9?
-24
9 - (-4 + -23 - -57)
-21
What is the value of -1 - -5 - 10 - (2 - 1)?
-7
What is the value of 24 - (-3 + 13 - (11 + -10))?
15
Calculate -28 - 0 - (38 - (40 - 7)).
-33
What is 2 + 10 - (0 + 6)?
6
Calculate -21 + 9 - (-6 + -4) - 3.
-5
What is -3 + (10 - 3 - 14)?
-10
What is the value of 24 + (-9 + 14 + 11 + -8 - 17)?
15
Calculate 10 - 25 - (-16 - -11).
-10
Calculate -2 + 5 + 2 - (34 - 34).
5
What is -32 + 6 + 37 + (-11 - 2)?
-2
What is the value of 21 - (-17 - -11 - -18) - -13?
22
Evaluate 16 - 19 - (12 - (9 + -5)).
-11
Calculate -14 + 9 + -3 + -9 + 4 + 30.
17
2 + (-5 - -9) + -10
-4
What is -7 - -10 - 14 - (-2 - 31)?
22
What is the value of -70 - -33 - (2 + -68)?
29
Calculate -2 - 0 - -2 - (260 + -258).
-2
What is -10 - -1 - (-18 - (5 + -25))?
-11
What is 17 - (8 + -1 - (-49 + 63))?
24
What is -3 + -1 - (-39 - -23)?
12
26 + -30 + 6 + -26
-24
What is the value of 1 + 2 + 5 + -15 + (4 - -2)?
-1
Evaluate 18 - (-13 + 18 + 1 + -6).
18
Calculate 26 - (63 - 36) - -9.
8
Calculate 1 - 20 - (-13 + (28 - 26)).
-8
Calculate -33 - (1 - (-12 - -43 - 14)).
-17
What is the value of -3 + 10 + (-25 - -2)?
-16
Evaluate (15 - 3) + (11 - 25) + 8.
6
5 + -2 + 24 - 26
1
What is the value of 19 + -1 - (-6 + -3 - (31 - 46))?
12
What is -8 + (-32 - -29 - (0 + -5))?
-6
What is 1 + (-3 - 7) - 4?
-13
What is 0 + 4 + 13 + -31?
-14
Evaluate 115 - 136 - (1 + 1).
-23
-131 + 188 - (26 - -5)
26
-21 - (8 + -22 - -3)
-10
Evaluate (-2 - (2 + 6)) + 2 + 0.
-8
718 + -700 + -2 + (-1 - 0)
15
(11 + -16 - -6) + (0 - -5)
6
43 + (0 + 9 - -8) + -26
34
What is